isor of b and s?
15
Suppose 0*y + 4 = 2*y. Suppose -11 + y = -3*u. Suppose -9 = u*w, 3*n + 5*w - 20 = 10. What is the greatest common divisor of 5 and n?
5
Let n be (20/(-6) - -4) + (-668)/(-6). Let i = 27 + -13. What is the greatest common factor of i and n?
14
Let o = 18 - 13. Suppose -3*g + 2 = 3*v - 2*g, -o*v = -g - 14. Suppose -40 = -6*m + m - v*x, -2*m = 4*x. What is the greatest common factor of m and 60?
10
Suppose 0*p = 3*p - 6. Let r(u) = 5*u. Suppose 4 = b + 3*b. Let y be r(b). Calculate the greatest common divisor of p and y.
1
Suppose 4 = -4*c, 3*c + 0 = -b + 1. Calculate the highest common factor of 4 and b.
4
Suppose 24 = -2*d + 4*d. Let l be 2*(225/6)/1. Suppose -l = -2*z + 45. Calculate the greatest common factor of d and z.
12
Let q(h) = -h**3 - 8*h**2 - 7*h + 6. Let r be q(-7). Let f(t) = r + 15 - t**3 - 4. Let x be f(0). What is the highest common factor of x and 34?
17
Let o = 0 + 3. Suppose -a = -3*l - 76, l = -o*a + 2*a + 92. Suppose -3*d + 0*j + 35 = -2*j, -2*j = 2. Calculate the highest common divisor of a and d.
11
Let a(k) = k**2 - 3*k + 3. Let q = 7 + -4. Let m be a(q). Suppose 2*l + 2*l - 60 = 0. Calculate the highest common divisor of l and m.
3
Let u(r) = -r - 1. Let q be u(-10). Let f be ((-3)/(-1) + -2)*4. Suppose 3*k - 31 - 3 = -4*s, -67 = -f*k - s. Calculate the greatest common divisor of q and k.
9
Let t be ((-8)/(-24))/((-2)/42). Let x = 10 + t. Calculate the greatest common factor of 27 and x.
3
Suppose 0*u + u = 8. Let x(v) = 2*v**2 - 3*v + 3. Let l be x(3). Calculate the greatest common divisor of u and l.
4
Let w(o) be the first derivative of o**3/3 - o**2/2 - 2*o + 2. Let r be w(6). Calculate the greatest common divisor of 14 and r.
14
Suppose -3*x - s + 48 = -0*x, 32 = 2*x + 4*s. Suppose 0 = -3*c + 5*l + 14, -4*c - l = -0*l - 34. What is the highest common factor of x and c?
8
Let o = 20 - 4. What is the greatest common divisor of o and 144?
16
Let k = 9 + 57. Suppose -5*m - 21 + k = 0. Let t = m + 3. What is the greatest common divisor of 12 and t?
12
Let n = 10 + -8. Suppose 0 = 5*p - 2*b - 54, p + 0*b + n*b = 6. What is the greatest common factor of p and 4?
2
Let d = -10 - -22. Calculate the greatest common factor of 36 and d.
12
Let b = 650 - 1366. Let o be b/(-24) - (-2)/12. Calculate the greatest common divisor of o and 45.
15
Suppose 0 = -l - g - 26, 5*g + 130 = -5*l + g. Let b = -14 - l. Suppose 4*u - 173 + 29 = 0. Calculate the greatest common divisor of b and u.
12
Let s be 10/6 - 1/(-3). Let i(j) = j + 10. Let w be i(-9). Calculate the greatest common factor of w and s.
1
Suppose -2*d + 7*d = 30. Let m = d - 4. Let o = m + 2. Calculate the highest common factor of 36 and o.
4
Let i = -4 + 7. Let j be i + (-1 + 2 - 0). Calculate the highest common divisor of 36 and j.
4
Let q(x) = 3*x**2 + 3. Let v be q(2). What is the highest common divisor of v and 60?
15
Let s be -1*(-38)/(-2)*-7. What is the highest common factor of s and 19?
19
Suppose -132*x + 128*x + 52 = 0. What is the highest common factor of 169 and x?
13
Suppose 0 = 4*g + 126 - 134. Calculate the highest common divisor of g and 3.
1
Let z(t) = -t**2 + 12*t + 9. Let k be z(11). Let n(v) = 42 + v - 3*v**3 + 8 - v**2 + 2*v**3. Let y be n(0). Calculate the greatest common factor of k and y.
10
Suppose -5*b - 4 = 4*j + 4, -4*j = -4*b - 28. Suppose 0 = -x + j + 9. Calculate the greatest common divisor of 132 and x.
12
Let p = -35 - -41. Calculate the highest common divisor of p and 6.
6
Suppose -3*g = g + 8. Let h = g - -3. Let t(v) = -5*v - 13. Let z be t(-3). What is the highest common divisor of z and h?
1
Let q be ((-10)/(-4))/((-8)/(-16)). Suppose 2*z - b = 67, 3*z - 67 = 4*b + 26. Calculate the greatest common divisor of q and z.
5
Suppose 4*u + w - 277 = 3*u, 4*u + 3*w - 1112 = 0. Let j = u - 149. Suppose 0 = -5*m + 33 + 27. Calculate the greatest common factor of j and m.
12
Suppose 2 = 2*s - 2. Let a be (-20)/s*16/(-20). What is the greatest common divisor of 2 and a?
2
Let i be 6*(-3)/(-18)*27. Let b(f) = 18*f**3 + f**2 - 1. Let n be b(1). What is the greatest common divisor of n and i?
9
Let w = 5 + 0. Suppose -4*z + 4*h + 80 = 0, -2*h = -w*z - 7*h + 120. What is the highest common divisor of 55 and z?
11
Suppose -l = 4*s - 418, -2*l + 510 = 5*s - 7*l. Suppose -w + 153 = 4*q, 0*w = -w - 3. Suppose -3*y + 0*y = -q. What is the greatest common factor of s and y?
13
Let m(u) = -u + 7. Let n be m(-4). Calculate the highest common factor of n and 341.
11
Suppose 2*a - 20 = -0*a. Suppose -5*x + 86 = -154. Suppose -3*s + 42 = -x. Calculate the greatest common divisor of a and s.
10
Let n be (4 - (0 - 0))*1. Suppose g - 20 = -n*g. Let s(j) = -j**3 + 8*j**2 - 10*j + 8. Let l be s(6). Calculate the greatest common factor of l and g.
4
Suppose j + 5*c = 8, -2 = -j - c - c. Let l be (3 + 4 + j)*29. Calculate the greatest common divisor of 29 and l.
29
Suppose -2*l + 16 = 5*u, -2*l - 20 = u - 5*u. Let q be (-1 - l)/((-4)/(-136)). Calculate the highest common divisor of q and 17.
17
Suppose -4 = 6*j - 2*j. Let i(t) = 15*t**2 - 1. Let g be i(j). Let w be -28*((-22)/4 + 0). What is the greatest common divisor of g and w?
14
Suppose -4*h + 27 = 11. Suppose -365 = -4*z - b, 5*b - 361 = -h*z + 8*b. Calculate the highest common factor of 13 and z.
13
Let y = -6 - -11. Suppose -4*r + k + 33 = 0, 2*r - 30 = -3*r + y*k. Calculate the highest common divisor of 27 and r.
9
Suppose 4*i = 13 - 1, 2*i = -p + 4. Let z be (-30)/(-9) - p/(-6). Suppose -17 = -5*y - r - 0*r, 8 = 4*r. Calculate the greatest common factor of y and z.
3
Suppose o - z - 80 = -3*o, o = 5*z + 39. Calculate the highest common factor of o and 76.
19
Let n be ((-18)/(-24))/((-2)/(-8)). Suppose 0*f + f - 2*x - 26 = 0, 0 = -5*f + n*x + 123. Calculate the highest common factor of 6 and f.
6
Let p(t) = t**3 + 6*t**2 - 5*t - 2. Let y be p(-5). Let c(w) = w - 5. Let i be c(7). Let u = 4 + i. What is the greatest common divisor of y and u?
6
Let o = -57 + 144. Suppose 4*z - z = o. Calculate the greatest common factor of 145 and z.
29
Let f = -35 + 59. Suppose -4*y + 0*y + 16 = 0. Let m be y/(-3 - 39/(-12)). Calculate the greatest common factor of m and f.
8
Let t be 2 + 1 + 0/5. Let c(n) = 2*n + 4. Let s be c(t). Calculate the greatest common divisor of s and 90.
10
Suppose -4*d - 2*a + 532 = 0, -4*a = -4*d - 5*a + 530. Let u = -4 + 16. What is the greatest common divisor of u and d?
12
Let w = 70 + -13. Suppose 0 = -3*f + w + 78. What is the greatest common divisor of f and 9?
9
Suppose -5*b + 2*b = 171. Let y = 36 + b. Let s be (-119)/y - (-2)/6. What is the highest common divisor of s and 6?
6
Suppose -4*b - 129 + 545 = 0. Suppose 0 = -5*o + 25, 2*h + 4*o - 33 = 13. What is the greatest common factor of h and b?
13
Let v be (-23)/(-5) - 4/(-10). Let s = 31 - 6. What is the greatest common divisor of s and v?
5
Let h(j) = 81*j**2 + j. Let m be h(-1). Suppose -2*x + 7*x - m = 0. Calculate the highest common factor of x and 64.
16
Let m = 299 - 211. Calculate the greatest common factor of 11 and m.
11
Let d be 2 + -2 + (-30)/(-2). Suppose 0*m - 12 = -3*m. Let b be ((-2)/1)/(m/(-270)). Calculate the highest common divisor of b and d.
15
Let y be 1*(74/4)/((-9)/(-18)). Calculate the greatest common factor of 111 and y.
37
Let z(n) = -n**3 - 16*n**2 - 12*n + 47. Let d be z(-15). What is the highest common divisor of d and 30?
2
Let b(c) = -c**2 - 11*c + 8. Let m be b(-10). Calculate the greatest common factor of 90 and m.
18
Let o be 7 + (-5)/(20/(-12)). Suppose 4*y - 3*b - 4 = 0, -2*b + 3*b = 0. Let k be (1 + y)/((-2)/(-25)). What is the greatest common divisor of k and o?
5
Suppose 2*p - 327 = -5*m, 699 = 4*p + 3*m - 2*m. Suppose -5*i + 681 = p. Let n = -71 + i. Calculate the highest common factor of 10 and n.
10
Let s = -55 + 34. Let n be 4005/35 - 12/s. Suppose -4*b + 172 = -12. What is the highest common divisor of b and n?
23
Suppose 3*l = s - 302, 0 = -4*s + s - 3*l + 930. What is the highest common divisor of 44 and s?
44
Suppose -3*f + 31 = -5*z, z = -f + 2*f - 7. Let u be 2*(7 + f + -1). Calculate the highest common factor of 48 and u.
16
Suppose k - 2 - 4 = 0. What is the highest common divisor of k and 9?
3
Suppose -46 - 4 = 5*d. Let k be (1/1)/((-5)/d). Calculate the greates